{"id":23,"date":"2014-03-03T17:55:04","date_gmt":"2014-03-03T15:55:04","guid":{"rendered":"http:\/\/www.diechinesischenglueckskekse.de\/?page_id=23"},"modified":"2019-09-22T19:24:18","modified_gmt":"2019-09-22T17:24:18","slug":"die-kekse","status":"publish","type":"page","link":"https:\/\/www.diechinesischenglueckskekse.de\/?page_id=23","title":{"rendered":"Die Kekse"},"content":{"rendered":"<p><b>Die Band stellt sich vor:<\/b><\/p>\n<p>Die Chinesischen Gl\u00fcckskekse erblickten im Fr\u00fchjahr 1986 das Licht der Rock\u2019n\u2019Roll Welt im beschaulichen nieders\u00e4chsischen Gifhorn: Mit ihrer musikalischen Mischung aus Rockabilly und Punkrock, gepaart mit deutschen Texten und der seinerzeit nicht un\u00fcblichen, ordentlichen Portion Spa\u00df und Dilletantismus sprengten die \u201eKekse\u201c schon in den 80igern die \u00fcblichen Genre-Schubladen der hiesigen Rockabilly- und Psychobillyszene.<\/p>\n<p>Es folgten unz\u00e4hlige Auftritte in der ganzen Republik, Tourneen mit Guana Batz und Rumble On The Beach und eigene Touren bis nach \u00d6sterreich und Finnland. Die Chinesischen Gl\u00fcckskekse ver\u00f6ffentlichten zwischen 1990 und 1994 eine Mini-LP, diverse Singles und Samplerbeitr\u00e4ge, sowie ein Album.<\/p>\n<p>Um 1995 wurde es stiller um das Trio. Erst im neuen Jahrtausend fanden sich die Gr\u00fcndungsmitglieder Thorsten (Gitarre\/Gesang) und Dietrich Hecke (Gesang\/Kontrabass) mit neuem Schlagzeuger Oliver Hartmann zusammen, um der Welt zu zeigen, dass punkiger Rock\u2019n\u2019Roll in klassischer Trio-Besetzung immer noch seine Daseinsberechtigung in der schnelllebigen Zeit der musikalischen Eintagsfliegen hat!<\/p>\n<p>Nach erfolgreicher Tour im Dezember 2000 im Vorprogramm von Such A Surge, sind die Gl\u00fcckskekse endlich wieder auf den B\u00fchnen dieser Welt zu sehen.<br \/>\nSowohl mit eigenen Headliner Shows als auch zusammen mit The Undertones, El\u00e4kel\u00e4iset, The Busters, Rocket From The Crypt, Demented Are Go, Caravans, Frantic Flintstones, Mad Sin, Meteors, Terrorgruppe, Wohlstandskinder, Big John Bates, The Waltons, Abw\u00e4rts und vielen mehr.<\/p>\n<p><img loading=\"lazy\" decoding=\"async\" class=\"alignnone wp-image-641 size-full\" src=\"http:\/\/www.diechinesischenglueckskekse.de\/wp-content\/uploads\/2019\/09\/backstage.jpg\" alt=\"\" width=\"1000\" height=\"750\" srcset=\"https:\/\/www.diechinesischenglueckskekse.de\/wp-content\/uploads\/2019\/09\/backstage.jpg 1000w, https:\/\/www.diechinesischenglueckskekse.de\/wp-content\/uploads\/2019\/09\/backstage-300x225.jpg 300w, https:\/\/www.diechinesischenglueckskekse.de\/wp-content\/uploads\/2019\/09\/backstage-768x576.jpg 768w, https:\/\/www.diechinesischenglueckskekse.de\/wp-content\/uploads\/2019\/09\/backstage-960x720.jpg 960w, https:\/\/www.diechinesischenglueckskekse.de\/wp-content\/uploads\/2019\/09\/backstage-640x480.jpg 640w\" sizes=\"auto, (max-width: 1000px) 100vw, 1000px\" \/><\/p>\n<p>&nbsp;<\/p>\n<p>&nbsp;<\/p>\n<p>&nbsp;<\/p>\n","protected":false},"excerpt":{"rendered":"<p>Die Band stellt sich vor: Die Chinesischen Gl\u00fcckskekse erblickten im Fr\u00fchjahr 1986 das Licht der Rock\u2019n\u2019Roll Welt im beschaulichen nieders\u00e4chsischen Gifhorn: Mit ihrer musikalischen Mischung aus Rockabilly und Punkrock, gepaart<a href=\"https:\/\/www.diechinesischenglueckskekse.de\/?page_id=23\" class=\"more-link\"><span class=\"readmore\">Continue reading<span class=\"screen-reader-text\">Die Kekse<\/span><\/span><\/a><\/p>\n","protected":false},"author":1,"featured_media":0,"parent":0,"menu_order":25,"comment_status":"closed","ping_status":"closed","template":"","meta":{"footnotes":""},"class_list":["post-23","page","type-page","status-publish","hentry"],"_links":{"self":[{"href":"https:\/\/www.diechinesischenglueckskekse.de\/index.php?rest_route=\/wp\/v2\/pages\/23","targetHints":{"allow":["GET"]}}],"collection":[{"href":"https:\/\/www.diechinesischenglueckskekse.de\/index.php?rest_route=\/wp\/v2\/pages"}],"about":[{"href":"https:\/\/www.diechinesischenglueckskekse.de\/index.php?rest_route=\/wp\/v2\/types\/page"}],"author":[{"embeddable":true,"href":"https:\/\/www.diechinesischenglueckskekse.de\/index.php?rest_route=\/wp\/v2\/users\/1"}],"replies":[{"embeddable":true,"href":"https:\/\/www.diechinesischenglueckskekse.de\/index.php?rest_route=%2Fwp%2Fv2%2Fcomments&post=23"}],"version-history":[{"count":9,"href":"https:\/\/www.diechinesischenglueckskekse.de\/index.php?rest_route=\/wp\/v2\/pages\/23\/revisions"}],"predecessor-version":[{"id":662,"href":"https:\/\/www.diechinesischenglueckskekse.de\/index.php?rest_route=\/wp\/v2\/pages\/23\/revisions\/662"}],"wp:attachment":[{"href":"https:\/\/www.diechinesischenglueckskekse.de\/index.php?rest_route=%2Fwp%2Fv2%2Fmedia&parent=23"}],"curies":[{"name":"wp","href":"https:\/\/api.w.org\/{rel}","templated":true}]}}